 base 16, what is -2 + 9?
7
In base 5, what is 34 + 4?
43
In base 16, what is 21 - 1d?
4
In base 7, what is 30 + 101?
131
In base 10, what is 62 + 5?
67
In base 9, what is -4 - 165?
-170
In base 14, what is -2 - 94?
-96
In base 10, what is -1254 + -5?
-1259
In base 15, what is -934 + 1?
-933
In base 14, what is -3 + 60?
5b
In base 10, what is -1648 - -4?
-1644
In base 13, what is 0 - 864?
-864
In base 12, what is 0 + -46?
-46
In base 4, what is 22 - -122?
210
In base 12, what is -975 - -1?
-974
In base 6, what is 1443 - 105?
1334
In base 10, what is 4 - 374?
-370
In base 2, what is -1001 - 101110001?
-101111010
In base 12, what is -1 + 456?
455
In base 10, what is 7 + -90?
-83
In base 12, what is -6 + -9?
-13
In base 3, what is 110 + 202?
1012
In base 6, what is 15210 - 5?
15201
In base 12, what is -8 + 28?
20
In base 2, what is -1 + 10011101111?
10011101110
In base 15, what is 4 + 57?
5b
In base 5, what is 14 + -10?
4
In base 8, what is 213 - 2?
211
In base 8, what is 474 + -5?
467
In base 12, what is -1 + 4?
3
In base 15, what is b5c - 2?
b5a
In base 8, what is -2 + -41?
-43
In base 12, what is -14 + -38?
-50
In base 8, what is -10 - 234?
-244
In base 11, what is -1 + 1061?
1060
In base 5, what is 140411 + 10?
140421
In base 6, what is 4 - -152?
200
In base 2, what is 100010 - -100000?
1000010
In base 4, what is 221 - 11?
210
In base 13, what is -58 + -1b?
-76
In base 6, what is 5114 - 1?
5113
In base 2, what is -10100010011 + -1?
-10100010100
In base 6, what is 10550 - -2?
10552
In base 13, what is -4 - 8a2?
-8a6
In base 15, what is 192 - -3?
195
In base 6, what is 513 - 1?
512
In base 3, what is -22212 - 1?
-22220
In base 12, what is 1a5 - 3?
1a2
In base 16, what is 4 - -1151?
1155
In base 2, what is -10 - -110010?
110000
In base 12, what is 0 - -b6?
b6
In base 11, what is 247 - -2?
249
In base 8, what is -1 - -11?
10
In base 8, what is -113 + 11?
-102
In base 6, what is -210 + -4?
-214
In base 12, what is -123 - 2?
-125
In base 6, what is 5 + 144?
153
In base 7, what is 2415 + 0?
2415
In base 16, what is 3 - 114e?
-114b
In base 15, what is 11 - 5?
b
In base 13, what is -6a + -2?
-6c
In base 16, what is -37e - -5?
-379
In base 15, what is 402 - -9?
40b
In base 14, what is 154 - -28?
17c
In base 14, what is 1 + 12a3?
12a4
In base 16, what is -2 + -af?
-b1
In base 3, what is -20120 + -100?
-20220
In base 16, what is -5 + 9e?
99
In base 5, what is 201 - 4?
142
In base 3, what is -102111 - 11?
-102122
In base 5, what is -3 - -1333?
1330
In base 15, what is 3 + 65?
68
In base 14, what is 1 - 3?
-2
In base 15, what is 2d + 1?
2e
In base 5, what is -1140 - 0?
-1140
In base 8, what is 3 + 2?
5
In base 11, what is 1 + 9a?
a0
In base 2, what is 10 + -101010011?
-101010001
In base 16, what is -e49 + 4?
-e45
In base 8, what is 66 - 3?
63
In base 12, what is -120 + b7?
-25
In base 5, what is -2 - -212?
210
In base 16, what is -22 + 39?
17
In base 10, what is 16668 + 1?
16669
In base 9, what is 103 - 2?
101
In base 15, what is -12 + d?
-4
In base 2, what is -1011010101110 + -1?
-1011010101111
In base 10, what is -75 + 1?
-74
In base 15, what is 59 - -9?
63
In base 13, what is -22a - 2?
-22c
In base 9, what is 2 - -148?
151
In base 12, what is 85a - -5?
863
In base 15, what is -1 + 25?
24
In base 4, what is 11 + -102303?
-102232
In base 6, what is -10 - -2222?
2212
In base 10, what is 365 + -1?
364
In base 14, what is 3 - -b6?
b9
In base 2, what is 100 + 101111?
110011
In base 3, what is 10 + 12000?
12010
In base 15, what is -2ee2 - 0?
-2ee2
In base 16, what is b + 3a0?
3ab
In base 14, what is 1 + -3d?
-3c
In base 5, what is 210332 + 4?
210341
In base 6, what is 2443 - 3?
2440
In base 11, what is -6 - -10?
5
In base 13, what is -2 + -12?
-14
In base 3, what is 10 - -112?
122
In base 4, what is 21 - 3101?
-3020
In base 14, what is 9 + 24?
2d
In base 3, what is 1120 + -102012?
-100122
In base 9, what is 86 + -2?
84
In base 16, what is -9f + -61?
-100
In base 8, what is -216 + -5?
-223
In base 9, what is 18 + -474?
-455
In base 12, what is 384b - 2?
3849
In base 10, what is 0 + 87?
87
In base 5, what is -1 + 14042?
14041
In base 11, what is 291 + 5?
296
In base 11, what is -85 + 6?
-7a
In base 8, what is 2 - 263?
-261
In base 7, what is 2 - -111?
113
In base 10, what is -911 - 5?
-916
In base 7, what is 0 - -25?
25
In base 14, what is -88 + -4?
-8c
In base 12, what is -7b7 + -2?
-7b9
In base 7, what is -10436 + -2?
-10441
In base 11, what is -8 + 6?
-2
In base 11, what is 6 - -36?
41
In base 2, what is 1101 - 10001101?
-10000000
In base 11, what is -4144 - 5?
-4149
In base 6, what is -212 - -12?
-200
In base 15, what is 12 + 11?
23
In base 8, what is -4 - -535?
531
In base 12, what is 1699 - -2?
169b
In base 4, what is -1013 - 11?
-1030
In base 6, what is 2 - 53?
-51
In base 9, what is -6 - 44?
-51
In base 8, what is -5 + 23?
16
In base 16, what is 95 - -1?
96
In base 2, what is 100 - -1011011110?
1011100010
In base 12, what is -1b8 + 3?
-1b5
In base 16, what is -b - -30?
25
In base 11, what is a97 + a?
aa6
In base 3, what is -1 + 10100200?
10100122
In base 12, what is 9 - -31?
3a
In base 10, what is -2 - 1874?
-1876
In base 5, what is -10 - 103202?
-103212
In base 5, what is -21 + 10?
-11
In base 15, what is ea - -1?
eb
In base 2, what is 111 - -101010?
110001
In base 7, what is 4 - -4632?
4636
In base 16, what is -5 - -50?
4b
In base 12, what is -1 - -97?
96
In base 8, what is -2 + 1207?
1205
In base 8, what is 2 - -2465?
2467
In base 15, what is -35 - 6?
-3b
In base 16, what is e + 42?
50
In base 6, what is -2 - 45?
-51
In base 9, what is -51075 + -2?
-51077
In base 3, what is 112 + -1002?
-120
In base 11, what is -15 + 4?
-11
In base 16, what is 7b7 - 3?
7b4
In base 11, what is -1216 - -15?
-1201
In base 10, what is -1 + 241?
240
In base 4, what is 31 - 130233?
-130202
In base 15, what is -a - -8b?
81
In base 12, what is 0 + -a00?
-a00
In base 7, what is -12 - 200?
-212
In base 8, what is -15511 + 4?
-15505
In base 12, what is 5 - 383?
-37a
In base 5, what is 4 + 10?
14
In base 15, what is 113 - -5?
118
In base 9, what is 1 - 1217?
-1216
In base 10, what is 0 - 2008?
-2008
In base 15, what is 0 - -a?
a
In base 16, what is -5 - 6e0?
-6e5
In base 13, what is -a6 + -1?
-a7
In base 11, what is 5 + 1a?
24
In base 10, what is -52 - 5?
-57
In base 4, what is -3121 + 2122?
-333
In base 16, what is 5 + b?
10
In base 5, what is -13302 + 12?
-13240
In base 3, what is -21101122 + -1?
-21101200
In base 7, what is -12 + -3?
-15
In base 7, what is 2026 - -6?
2035
In base 7, what is -46 + 1212?
1133
In base 3, what is -10 - 200211?
-200221
In base 3, what is -11001 + -12?
-11020
In base 11, what is 5 - 230?
-226
In base 13, what is -1b0 + 3?
-1aa
In base 13, what is 8 + -45?
-3a
In base 5, what is -10 + -100412?
-100422
In base 15, what is 118 - a?
10d
In base 2, what is 10011011110010 + 0?
10011011110010
In base 3, what is 0 - 212?
-212
In base 4, what is -11 + -12100?
-12111
In base 9, what is -735 + 0?
-735
In base 10, what is 194 + -4?
190
In base 13, what is c3 + 1?
c4
In base 16, what is -4 - 45?
-49
In base 14, what is -2 - 131a?
-131c
In base 4, what is 120 + -31?
23
In base 6, what is -3 + 2404?
2401
In base 8, what is 154 - 5?
147
In base 2, what is -1001101 + 0?
-1001101
In base 9, what is -6 - -208?
202
In base 5, what is 120 + -114?
1
In base 10, what is -3 + 167?
164
In base 13, what is 2b - 1?
2a
In base 10, what is -621 - 4?
-625
In base 11, what is 4 + 224?
228
In base 10, what is 12 + -2?
10
In base 2, what is 111000 - -1110?
1000110
In base 4, what is 330 - 1?
323
In base 13, what is -35 + 3?
-32
In base 7, what is -2320 + 24?
-2263
In base 15, what is -1ca + c?
-1bd
In base 4, what is -1211 + -1202?
-3013
In base 2, what is -101 + 1101?
1000
In base 11, what is 6 + 241?
247
In base 5, what is -3 + 44111?
44103
In base 15, what is 26b + 5?
271
In base 16, what is -ab - 3?
-ae
In base 8, what is -32 + 416?
364
In base 11, what is 2 + -3?
-1
In base 3, what is 2 - 211?
-202
In base 5, what is 1220244 + -2?
1220242
In base 12, what is 12 + -30?
-1a
In base 6, what is -3 + -30?
-33
In base 13, what is 33 + -8?
28
In base 5, what is -424 + 131?
-243
In base 16, what is -4 - 254?
-258
In base 5, what is -342 - -2?
-340
In base 7, what is 23261 + 1?
23